 a multiple of 127?
False
Does 12 divide 2122994?
False
Is 52139 a multiple of 38?
False
Does 2 divide 16825?
False
Is 3415390 a multiple of 110?
True
Does 968 divide 1032856?
True
Is 60 a factor of 1117620?
True
Is 170496 a multiple of 222?
True
Is 95775 a multiple of 16?
False
Is 127894 a multiple of 26?
True
Is 5 a factor of 23585?
True
Is 213 a factor of 461658?
False
Does 109 divide 44076?
False
Is 87959 a multiple of 39?
False
Is 124357 a multiple of 131?
False
Is 13 a factor of 12402?
True
Is 863189 a multiple of 336?
False
Does 166 divide 191896?
True
Is 43146 a multiple of 47?
True
Does 42 divide 18060?
True
Is 5992804 a multiple of 11?
False
Is 1718264 a multiple of 8?
True
Is 247 a factor of 877591?
True
Is 818005 a multiple of 428?
False
Is 31912479 a multiple of 21?
False
Is 13 a factor of 985524?
False
Is 217552 a multiple of 21?
False
Is 115 a factor of 460769?
False
Is 643464 a multiple of 27?
True
Is 192 a factor of 3823680?
True
Is 82074 a multiple of 11?
False
Is 15 a factor of 25896?
False
Is 431963 a multiple of 49?
False
Is 483344 a multiple of 68?
True
Does 12 divide 49192?
False
Is 19 a factor of 1841476?
False
Is 123 a factor of 7972?
False
Is 121 a factor of 4004374?
True
Does 630 divide 16637040?
True
Does 32 divide 3358581?
False
Is 26776445 a multiple of 17?
True
Does 13 divide 15538978?
True
Is 124 a factor of 1111357?
False
Does 549 divide 983808?
True
Is 30 a factor of 171799?
False
Does 325 divide 1191218?
False
Is 26 a factor of 968982?
False
Does 662 divide 914222?
True
Is 22 a factor of 909189?
False
Is 263458 a multiple of 439?
False
Does 310 divide 7202540?
True
Is 79 a factor of 64277?
False
Is 9187376 a multiple of 22?
True
Does 11 divide 50611?
True
Does 189 divide 2472007?
False
Is 63 a factor of 83475?
True
Is 96 a factor of 19587168?
True
Does 110 divide 5495380?
True
Is 63 a factor of 1344459?
False
Does 61 divide 689056?
True
Is 20 a factor of 413324?
False
Does 12 divide 311467?
False
Does 499 divide 3747794?
False
Does 1494 divide 3325644?
True
Does 18 divide 3041208?
True
Is 572220 a multiple of 255?
True
Is 70573 a multiple of 5?
False
Is 541620 a multiple of 18?
True
Is 52 a factor of 60164?
True
Does 11 divide 36994?
False
Does 17 divide 823242?
True
Is 2805089 a multiple of 60?
False
Does 303 divide 276942?
True
Is 8 a factor of 926669?
False
Is 1242094 a multiple of 7?
True
Does 3 divide 4254?
True
Is 113272 a multiple of 4?
True
Does 10 divide 3959250?
True
Is 7 a factor of 166039?
False
Is 396238 a multiple of 11?
False
Does 66 divide 65769?
False
Is 1047805 a multiple of 16?
False
Is 939400 a multiple of 14?
True
Is 125 a factor of 11504767?
False
Is 6022320 a multiple of 23?
True
Is 378910 a multiple of 99?
False
Is 2331984 a multiple of 8?
True
Does 318 divide 4073303?
False
Is 736 a factor of 699599?
False
Is 417 a factor of 1880253?
True
Does 9 divide 70962?
False
Is 1401699 a multiple of 39?
True
Is 130 a factor of 24364080?
True
Does 14 divide 72782?
False
Is 1422787 a multiple of 664?
False
Is 1556367 a multiple of 40?
False
Does 408 divide 532313?
False
Does 22 divide 689177?
False
Is 10495800 a multiple of 2040?
True
Does 1409 divide 3418234?
True
Is 4475087 a multiple of 817?
False
Is 20 a factor of 34579288?
False
Is 416966 a multiple of 9?
False
Is 328 a factor of 1178459?
False
Is 56 a factor of 16664592?
True
Does 18 divide 812346?
False
Is 2194698 a multiple of 726?
True
Is 128967 a multiple of 10?
False
Is 7265075 a multiple of 25?
True
Does 5 divide 4468160?
True
Is 48628 a multiple of 130?
False
Does 43 divide 192941?
True
Is 17 a factor of 102034?
True
Is 434778 a multiple of 95?
False
Does 456 divide 9255432?
True
Does 3 divide 442671?
True
Is 17 a factor of 745042?
True
Is 15208116 a multiple of 154?
True
Does 119 divide 1636628?
False
Is 238513 a multiple of 225?
False
Does 28 divide 347424?
True
Is 24 a factor of 19502712?
True
Is 10846 a multiple of 6?
False
Does 8 divide 100279?
False
Does 140 divide 985568?
False
Is 130 a factor of 2751173?
False
Is 1481112 a multiple of 64?
False
Is 724543 a multiple of 13?
False
Is 688107 a multiple of 7?
True
Is 2807 a factor of 8743805?
True
Does 308 divide 675444?
True
Is 9112505 a multiple of 43?
False
Is 12 a factor of 238386?
False
Is 165 a factor of 191895?
True
Is 82 a factor of 3772?
True
Is 555735 a multiple of 26?
False
Is 13 a factor of 83902?
True
Is 141680 a multiple of 77?
True
Does 56 divide 955752?
True
Is 9949108 a multiple of 293?
True
Is 872114 a multiple of 46?
True
Does 235 divide 1865893?
False
Is 309 a factor of 440016?
True
Does 83 divide 1362338?
False
Does 10 divide 324870?
True
Does 35 divide 5516875?
True
Does 5 divide 169385?
True
Does 89 divide 5773156?
False
Is 85868 a multiple of 41?
False
Does 740 divide 1169352?
False
Does 6 divide 2511501?
False
Does 17 divide 2295501?
False
Is 5427768 a multiple of 456?
True
Does 18 divide 424777?
False
Is 1372637 a multiple of 49?
True
Is 36 a factor of 9529?
False
Is 20039 a multiple of 29?
True
Is 172830 a multiple of 30?
True
Is 207 a factor of 150426?
False
Is 246 a factor of 1190394?
True
Is 10 a factor of 436170?
True
Is 564416 a multiple of 13?
False
Does 12 divide 225196?
False
Is 4 a factor of 16976?
True
Is 437 a factor of 870657?
False
Is 336418 a multiple of 17?
False
Is 4 a factor of 306232?
True
Does 13 divide 2050446?
False
Is 56358 a multiple of 10?
False
Is 50 a factor of 22900?
True
Is 13 a factor of 173368?
True
Is 49 a factor of 625191?
True
Is 565 a factor of 2614255?
True
Is 333870 a multiple of 62?
True
Is 23 a factor of 5750?
True
Is 1267932 a multiple of 157?
True
Is 489651 a multiple of 17?
True
Is 6 a factor of 840720?
True
Is 2085931 a multiple of 19?
False
Is 339586 a multiple of 50?
False
Does 413 divide 3782254?
True
Is 11 a factor of 20228?
False
Is 11 a factor of 497277?
True
Is 54080 a multiple of 52?
True
Is 1022 a factor of 6758826?
False
Is 180671 a multiple of 4?
False
Does 32 divide 283168?
True
Is 88804 a multiple of 23?
False
Does 865 divide 28404870?
True
Is 144 a factor of 11811783?
False
Does 34 divide 408443?
False
Does 574 divide 10598910?
True
Is 11 a factor of 1479003?
False
Is 66 a factor of 75570?
True
Is 1055238 a multiple of 6?
True
Is 209 a factor of 293670?
False
Is 2685400 a multiple of 1450?
True
Is 65 a factor of 419156?
False
Is 190 a factor of 9346670?
True
Is 415 a factor of 42745?
True
Is 2014077 a multiple of 943?
False
Is 5436 a multiple of 9?
True
Does 4 divide 67307?
False
Is 12 a factor of 955553?
False
Does 139 divide 1743322?
False
Does 176 divide 49461?
False
Does 4 divide 53372?
True
Does 59 divide 317951?
True
Is 15 a factor of 25335?
True
Does 5 divide 48850?
True
Does 62 divide 1121456?
True
Does 375 divide 247125?
True
Does 12 divide 746774?
False
Is 577 a factor of 243494?
True
Does 36 divide 5324328?
True
Is 250198 a multiple of 202?
False
Is 390 a factor of 1495650?
True
Is 36 a factor of 498313?
False
Is 11 a factor of 594?
True
Is 3 a factor of 104574?
True
Is 25 a factor of 8357650?
True
Does 2 divide 428104?
True
Does 27 divide 8608453?
False
Is 176 a factor of 32208?
True
Is 4 a factor of 120917?
False
Is 1031 a factor of 12173017?
True
Is 64 a factor of 74048?
True
Is 9 a factor of 645894?
True
Is 461304 a multiple of 86?
True
Is 26253 a multiple of 134?
False
Is 33 a factor of 136915?
False
Is 10523253 a multiple of 39?
True
Does 96 divide 58368?
True
Does 30 divide 4370910?
True
Is 1475175 a multiple of 10?
False
Is 143 a factor of 4119830?
True
Is 570 a factor of 1428949?
False
Is 2580921 a multiple of 87?
False
Does 13 divide 4465994?
True
Is 105 a factor of 651970?
False
Does 122 divide 15250?
True
Is 302 a factor of 170932?
True
Is 114306 a multiple of 161?
False
Is 72 a factor of 1029372?
False
Is 67763 a multiple of 3?
False
Is 32 a factor of 1222720?
True
Is 4549304 a multiple of 103?
True
Is 357931 a multiple of 427?
False
Is 135 a factor of 1873260?
True
Is 197 a factor of 556824?
False
Is 30033 a multiple of 227?
False
Is 70 a factor of 314930?
True
Is 127 a factor of 3409798?
False
Does 1682 divide 721578?
True
Does 36 divide 202630?
False
Does 736 divide 1666157?
False
Is 236900 a multiple of 149?
False
Does 309 divide 421842?
False
Is 148435 a multiple of